me factors of 144?
2, 3
What are the prime factors of 12890?
2, 5, 1289
What are the prime factors of 1858?
2, 929
What are the prime factors of 6958?
2, 7, 71
List the prime factors of 3279.
3, 1093
List the prime factors of 45305.
5, 13, 17, 41
List the prime factors of 520.
2, 5, 13
What are the prime factors of 1383?
3, 461
What are the prime factors of 5354?
2, 2677
What are the prime factors of 10139?
10139
List the prime factors of 9727.
71, 137
List the prime factors of 644.
2, 7, 23
What are the prime factors of 39669?
3, 7, 1889
List the prime factors of 81587.
11, 7417
List the prime factors of 23632.
2, 7, 211
What are the prime factors of 3016?
2, 13, 29
List the prime factors of 13595.
5, 2719
List the prime factors of 2603.
19, 137
What are the prime factors of 809?
809
What are the prime factors of 1730?
2, 5, 173
What are the prime factors of 857?
857
What are the prime factors of 21637?
7, 11, 281
List the prime factors of 30223.
30223
What are the prime factors of 2390?
2, 5, 239
What are the prime factors of 1694?
2, 7, 11
What are the prime factors of 74?
2, 37
What are the prime factors of 12795?
3, 5, 853
List the prime factors of 2812.
2, 19, 37
List the prime factors of 2047.
23, 89
What are the prime factors of 4580?
2, 5, 229
What are the prime factors of 1268?
2, 317
What are the prime factors of 125366?
2, 62683
List the prime factors of 25008.
2, 3, 521
List the prime factors of 15865.
5, 19, 167
What are the prime factors of 1700?
2, 5, 17
List the prime factors of 35670.
2, 3, 5, 29, 41
What are the prime factors of 4019?
4019
What are the prime factors of 355?
5, 71
What are the prime factors of 57323?
7, 19, 431
What are the prime factors of 685?
5, 137
What are the prime factors of 627?
3, 11, 19
List the prime factors of 1674.
2, 3, 31
List the prime factors of 8732.
2, 37, 59
What are the prime factors of 17083?
11, 1553
List the prime factors of 172526.
2, 86263
List the prime factors of 50773.
50773
List the prime factors of 1633.
23, 71
List the prime factors of 2488.
2, 311
List the prime factors of 87.
3, 29
List the prime factors of 7122.
2, 3, 1187
What are the prime factors of 545?
5, 109
What are the prime factors of 8397?
3, 311
List the prime factors of 66113.
17, 3889
What are the prime factors of 2672?
2, 167
What are the prime factors of 993?
3, 331
List the prime factors of 1320.
2, 3, 5, 11
What are the prime factors of 15470?
2, 5, 7, 13, 17
List the prime factors of 12358.
2, 37, 167
What are the prime factors of 285?
3, 5, 19
What are the prime factors of 46979?
109, 431
What are the prime factors of 4396?
2, 7, 157
List the prime factors of 506.
2, 11, 23
List the prime factors of 8868.
2, 3, 739
What are the prime factors of 1668?
2, 3, 139
What are the prime factors of 2495?
5, 499
What are the prime factors of 26577?
3, 2953
What are the prime factors of 1881?
3, 11, 19
What are the prime factors of 117104?
2, 13, 563
List the prime factors of 3134.
2, 1567
List the prime factors of 2683.
2683
List the prime factors of 8436.
2, 3, 19, 37
List the prime factors of 415.
5, 83
List the prime factors of 6445.
5, 1289
What are the prime factors of 45644?
2, 11411
List the prime factors of 980.
2, 5, 7
List the prime factors of 52102.
2, 109, 239
List the prime factors of 4485.
3, 5, 13, 23
What are the prime factors of 4052?
2, 1013
What are the prime factors of 2578?
2, 1289
What are the prime factors of 14309?
41, 349
List the prime factors of 139273.
139273
What are the prime factors of 114?
2, 3, 19
What are the prime factors of 4437?
3, 17, 29
List the prime factors of 7478.
2, 3739
List the prime factors of 2743.
13, 211
List the prime factors of 43727.
73, 599
What are the prime factors of 1057?
7, 151
What are the prime factors of 1537?
29, 53
What are the prime factors of 25903?
25903
List the prime factors of 1889.
1889
List the prime factors of 2589.
3, 863
List the prime factors of 14106.
2, 3, 2351
List the prime factors of 2037.
3, 7, 97
List the prime factors of 14432.
2, 11, 41
What are the prime factors of 4378?
2, 11, 199
List the prime factors of 4641.
3, 7, 13, 17
What are the prime factors of 4292?
2, 29, 37
List the prime factors of 10248.
2, 3, 7, 61
List the prime factors of 623.
7, 89
What are the prime factors of 67139?
67139
List the prime factors of 17289.
3, 17, 113
What are the prime factors of 17?
17
What are the prime factors of 23648?
2, 739
What are the prime factors of 6365?
5, 19, 67
List the prime factors of 1721.
1721
What are the prime factors of 56280?
2, 3, 5, 7, 67
List the prime factors of 20281.
17, 1193
What are the prime factors of 189?
3, 7
What are the prime factors of 10315?
5, 2063
What are the prime factors of 1111?
11, 101
What are the prime factors of 101235?
3, 5, 17, 397
List the prime factors of 2815.
5, 563
What are the prime factors of 2777?
2777
What are the prime factors of 6987?
3, 17, 137
List the prime factors of 2703.
3, 17, 53
List the prime factors of 5120.
2, 5
What are the prime factors of 103060?
2, 5, 5153
List the prime factors of 20784.
2, 3, 433
List the prime factors of 1958.
2, 11, 89
What are the prime factors of 3253?
3253
List the prime factors of 617.
617
List the prime factors of 145242.
2, 3, 8069
List the prime factors of 24381.
3, 7, 43
List the prime factors of 2484.
2, 3, 23
What are the prime factors of 28742?
2, 7, 2053
List the prime factors of 36668.
2, 89, 103
What are the prime factors of 357?
3, 7, 17
List the prime factors of 1790.
2, 5, 179
List the prime factors of 480.
2, 3, 5
What are the prime factors of 1241?
17, 73
What are the prime factors of 876?
2, 3, 73
What are the prime factors of 1581?
3, 17, 31
What are the prime factors of 62685?
3, 5, 7, 199
List the prime factors of 25275.
3, 5, 337
List the prime factors of 3460.
2, 5, 173
List the prime factors of 17725.
5, 709
List the prime factors of 5061.
3, 7, 241
What are the prime factors of 260?
2, 5, 13
What are the prime factors of 3163?
3163
What are the prime factors of 41801?
41801
What are the prime factors of 10404?
2, 3, 17
List the prime factors of 51325.
5, 2053
List the prime factors of 71670.
2, 3, 5, 2389
List the prime factors of 187553.
37, 137
What are the prime factors of 2750?
2, 5, 11
List the prime factors of 13844.
2, 3461
What are the prime factors of 8887?
8887
List the prime factors of 97612.
2, 23, 1061
List the prime factors of 6203.
6203
What are the prime factors of 134?
2, 67
What are the prime factors of 16666?
2, 13, 641
What are the prime factors of 1561?
7, 223
What are the prime factors of 5810?
2, 5, 7, 83
What are the prime factors of 408?
2, 3, 17
What are the prime factors of 3944?
2, 17, 29
What are the prime factors of 5886?
2, 3, 109
List the prime factors of 2117.
29, 73
What are the prime factors of 2310?
2, 3, 5, 7, 11
What are the prime factors of 961?
31
What are the prime factors of 1604?
2, 401
What are the prime factors of 2258?
2, 1129
List the prime factors of 25691.
23, 1117
What are the prime factors of 65150?
2, 5, 1303
What are the prime factors of 14629?
14629
List the prime factors of 2186.
2, 1093
List the prime factors of 35648.
2, 557
List the prime factors of 38506.
2, 13, 1481
List the prime factors of 47284.
2, 11821
List the prime factors of 2394.
2, 3, 7, 19
List the prime factors of 4045.
5, 809
List the prime factors of 66939.
3, 53, 421
List the prime factors of 4333.
7, 619
List the prime factors of 29562.
2, 3, 13, 379
List the prime factors of 8778.
2, 3, 7, 11, 19
List the prime factors of 7539.
3, 7, 359
List the prime factors of 2372.
2, 593
What are the prime factors of 492?
2, 3, 41
List the prime factors of 1477.
7, 211
What are the prime factors of 774?
2, 3, 43
What are the prime factors of 7537?
7537
What are the prime factors of 6832?
2, 7, 61
What are the prime factors of 5566?
2, 11, 23
List the prime factors of 744.
2, 3, 31
What are the prime factors of 69248?
2, 541
What are the prime factors of 15589?
7, 17, 131
What are the prime factors of 38282?
2, 19141
List the prime factors of 5793.
3, 1931
List the prime factors of 55717.
55717
List the prime factors of 7063.
7, 1009
List the prime factors of 116892.
2, 3, 17, 191
What are the prime factor